{"id":1669,"date":"2019-02-26T12:22:09","date_gmt":"2019-02-26T12:22:09","guid":{"rendered":"http:\/\/www.periodistasporlaigualdad.org\/?page_id=1669"},"modified":"2019-02-26T17:48:31","modified_gmt":"2019-02-26T17:48:31","slug":"asociate","status":"publish","type":"page","link":"http:\/\/www.periodistasporlaigualdad.org\/?page_id=1669","title":{"rendered":"\u00a1As\u00f3ciate!2"},"content":{"rendered":"<div id=\"pl-1669\"  class=\"panel-layout\" ><div id=\"pg-1669-0\"  class=\"panel-grid panel-no-style\" ><div id=\"pgc-1669-0-0\"  class=\"panel-grid-cell\" ><div id=\"panel-1669-0-0-0\" class=\"so-panel widget widget_spacer-widget panel-first-child\" data-index=\"0\" ><div class=\"so-widget-spacer-widget so-widget-spacer-widget-base\">\n<div class=\"clearfix\" style=\"height:7px\"><\/div><\/div><\/div><div id=\"panel-1669-0-0-1\" class=\"so-panel widget widget_media_image panel-last-child\" data-index=\"1\" ><img width=\"287\" height=\"205\" src=\"http:\/\/www.periodistasporlaigualdad.org\/wp-content\/uploads\/2018\/04\/PeriodistasPorLaIgualdad_simbolo.png\" class=\"image wp-image-777  attachment-full size-full\" alt=\"\" decoding=\"async\" loading=\"lazy\" style=\"max-width: 100%; height: auto;\" \/><\/div><\/div><div id=\"pgc-1669-0-1\"  class=\"panel-grid-cell\" ><div id=\"panel-1669-0-1-0\" class=\"so-panel widget widget_black-studio-tinymce widget_black_studio_tinymce panel-first-child panel-last-child\" data-index=\"2\" ><h3 class=\"widget-title\">\u00bfQU\u00c9?<\/h3><div class=\"textwidget\"><p class=\"Standard\">La Asociaci\u00f3n de Periodistas por la Igualdad quiere acabar con todas las diferencias que separan a mujeres y hombres en el ejercicio de su profesi\u00f3n. Y pretende dignificar el periodismo a trav\u00e9s de buenas pr\u00e1cticas en la construcci\u00f3n de la imagen de la mujer.<\/p>\n<\/div><\/div><\/div><\/div><div id=\"pg-1669-1\"  class=\"panel-grid panel-no-style\" ><div id=\"pgc-1669-1-0\"  class=\"panel-grid-cell\" ><div id=\"panel-1669-1-0-0\" class=\"so-panel widget widget_spacer-widget panel-first-child\" data-index=\"3\" ><div class=\"so-widget-spacer-widget so-widget-spacer-widget-base\">\n<div class=\"clearfix\" style=\"height:7px\"><\/div><\/div><\/div><div id=\"panel-1669-1-0-1\" class=\"so-panel widget widget_media_image panel-last-child\" data-index=\"4\" ><img width=\"287\" height=\"205\" src=\"http:\/\/www.periodistasporlaigualdad.org\/wp-content\/uploads\/2018\/04\/PeriodistasPorLaIgualdad_simbolo.png\" class=\"image wp-image-777  attachment-full size-full\" alt=\"\" decoding=\"async\" loading=\"lazy\" style=\"max-width: 100%; height: auto;\" \/><\/div><\/div><div id=\"pgc-1669-1-1\"  class=\"panel-grid-cell\" ><div id=\"panel-1669-1-1-0\" class=\"so-panel widget widget_black-studio-tinymce widget_black_studio_tinymce panel-first-child panel-last-child\" data-index=\"5\" ><h3 class=\"widget-title\">\u00bfQUI\u00c9N?<\/h3><div class=\"textwidget\"><p class=\"Standard\">Todas las personas dedicadas a la comunicaci\u00f3n pueden formar parte de esta asociaci\u00f3n. La ciudadan\u00eda tambi\u00e9n est\u00e1 invitada; es receptora y acreedora de nuestro trabajo. Feminismo para un mejor periodismo.<\/p>\n<\/div><\/div><\/div><\/div><div id=\"pg-1669-2\"  class=\"panel-grid panel-no-style\" ><div id=\"pgc-1669-2-0\"  class=\"panel-grid-cell\" ><div id=\"panel-1669-2-0-0\" class=\"so-panel widget widget_spacer-widget panel-first-child\" data-index=\"6\" ><div class=\"so-widget-spacer-widget so-widget-spacer-widget-base\">\n<div class=\"clearfix\" style=\"height:7px\"><\/div><\/div><\/div><div id=\"panel-1669-2-0-1\" class=\"so-panel widget widget_media_image panel-last-child\" data-index=\"7\" ><img width=\"287\" height=\"205\" src=\"http:\/\/www.periodistasporlaigualdad.org\/wp-content\/uploads\/2018\/04\/PeriodistasPorLaIgualdad_simbolo.png\" class=\"image wp-image-777  attachment-full size-full\" alt=\"\" decoding=\"async\" loading=\"lazy\" style=\"max-width: 100%; height: auto;\" \/><\/div><\/div><div id=\"pgc-1669-2-1\"  class=\"panel-grid-cell\" ><div id=\"panel-1669-2-1-0\" class=\"so-panel widget widget_black-studio-tinymce widget_black_studio_tinymce panel-first-child panel-last-child\" data-index=\"8\" ><h3 class=\"widget-title\">\u00bfC\u00d3MO?<\/h3><div class=\"textwidget\"><p class=\"Standard\">Visibilizando el trabajo de las periodistas, reivindicando los mismos sueldos, denunciando casos de discriminaci\u00f3n, acoso y cosificaci\u00f3n de la mujer en los medios, generando debate sobre la ausencia de mujeres en puestos de decisi\u00f3n, creando grupos de trabajo para investigar en periodismo feminista...<\/p>\n<\/div><\/div><\/div><\/div><div id=\"pg-1669-3\"  class=\"panel-grid panel-no-style\" ><div id=\"pgc-1669-3-0\"  class=\"panel-grid-cell\" ><div id=\"panel-1669-3-0-0\" class=\"so-panel widget widget_spacer-widget panel-first-child\" data-index=\"9\" ><div class=\"so-widget-spacer-widget so-widget-spacer-widget-base\">\n<div class=\"clearfix\" style=\"height:7px\"><\/div><\/div><\/div><div id=\"panel-1669-3-0-1\" class=\"so-panel widget widget_media_image panel-last-child\" data-index=\"10\" ><img width=\"287\" height=\"205\" src=\"http:\/\/www.periodistasporlaigualdad.org\/wp-content\/uploads\/2018\/04\/PeriodistasPorLaIgualdad_simbolo.png\" class=\"image wp-image-777  attachment-full size-full\" alt=\"\" decoding=\"async\" loading=\"lazy\" style=\"max-width: 100%; height: auto;\" \/><\/div><\/div><div id=\"pgc-1669-3-1\"  class=\"panel-grid-cell\" ><div id=\"panel-1669-3-1-0\" class=\"so-panel widget widget_black-studio-tinymce widget_black_studio_tinymce panel-first-child panel-last-child\" data-index=\"11\" ><h3 class=\"widget-title\">\u00bfCU\u00c1NDO?<\/h3><div class=\"textwidget\"><p class=\"Standard\">El trabajo de esta asociaci\u00f3n no puede parar. El debate ha de estar permanentemente en la calle. Cuando sea necesario y cuando lo exija la asamblea.<\/p>\n<\/div><\/div><\/div><\/div><div id=\"pg-1669-4\"  class=\"panel-grid panel-no-style\" ><div id=\"pgc-1669-4-0\"  class=\"panel-grid-cell\" ><div id=\"panel-1669-4-0-0\" class=\"so-panel widget widget_spacer-widget panel-first-child\" data-index=\"12\" ><div class=\"so-widget-spacer-widget so-widget-spacer-widget-base\">\n<div class=\"clearfix\" style=\"height:7px\"><\/div><\/div><\/div><div id=\"panel-1669-4-0-1\" class=\"so-panel widget widget_media_image panel-last-child\" data-index=\"13\" ><img width=\"287\" height=\"205\" src=\"http:\/\/www.periodistasporlaigualdad.org\/wp-content\/uploads\/2018\/04\/PeriodistasPorLaIgualdad_simbolo.png\" class=\"image wp-image-777  attachment-full size-full\" alt=\"\" decoding=\"async\" loading=\"lazy\" style=\"max-width: 100%; height: auto;\" \/><\/div><\/div><div id=\"pgc-1669-4-1\"  class=\"panel-grid-cell\" ><div id=\"panel-1669-4-1-0\" class=\"so-panel widget widget_black-studio-tinymce widget_black_studio_tinymce panel-first-child panel-last-child\" data-index=\"14\" ><h3 class=\"widget-title\">\u00bfD\u00d3NDE?<\/h3><div class=\"textwidget\"><p class=\"Standard\">En los medios de comunicaci\u00f3n, en centros de prensa, en las instituciones, en despachos de abogados, en el poder legislativo... En espacios p\u00fablicos, en bibliotecas, librer\u00edas, centros culturales, bares...<\/p>\n<\/div><\/div><\/div><\/div><div id=\"pg-1669-5\"  class=\"panel-grid panel-no-style\" ><div id=\"pgc-1669-5-0\"  class=\"panel-grid-cell\" ><div id=\"panel-1669-5-0-0\" class=\"so-panel widget widget_spacer-widget panel-first-child\" data-index=\"15\" ><div class=\"so-widget-spacer-widget so-widget-spacer-widget-base\">\n<div class=\"clearfix\" style=\"height:7px\"><\/div><\/div><\/div><div id=\"panel-1669-5-0-1\" class=\"so-panel widget widget_media_image panel-last-child\" data-index=\"16\" ><img width=\"287\" height=\"205\" src=\"http:\/\/www.periodistasporlaigualdad.org\/wp-content\/uploads\/2018\/04\/PeriodistasPorLaIgualdad_simbolo.png\" class=\"image wp-image-777  attachment-full size-full\" alt=\"\" decoding=\"async\" loading=\"lazy\" style=\"max-width: 100%; height: auto;\" \/><\/div><\/div><div id=\"pgc-1669-5-1\"  class=\"panel-grid-cell\" ><div id=\"panel-1669-5-1-0\" class=\"so-panel widget widget_black-studio-tinymce widget_black_studio_tinymce panel-first-child panel-last-child\" data-index=\"17\" ><h3 class=\"widget-title\">\u00bfPOR QU\u00c9?<\/h3><div class=\"textwidget\"><p>No podemos perder el 50% del talento. La mitad de la poblaci\u00f3n quiere disfrutar de sus plenos derechos y de un periodismo que, como valor social que es, ha de ser ejercido de forma democr\u00e1tica e igualitaria.<\/p>\n<\/div><\/div><\/div><\/div><\/div>","protected":false},"excerpt":{"rendered":"<p>La Asociaci\u00f3n de Periodistas por la Igualdad quiere acabar con todas las diferencias que separan a mujeres y hombres en el ejercicio de su profesi\u00f3n. Y pretende dignificar el periodismo a trav\u00e9s de buenas pr\u00e1cticas en la construcci\u00f3n de la imagen de la mujer. Todas las personas dedicadas a la comunicaci\u00f3n pueden formar parte de esta asociaci\u00f3n. La ciudadan\u00eda tambi\u00e9n est\u00e1 invitada; es receptora y acreedora de nuestro trabajo. Feminismo para un mejor periodismo.<\/p>\n","protected":false},"author":1,"featured_media":1086,"parent":0,"menu_order":0,"comment_status":"closed","ping_status":"closed","template":"","meta":[],"_links":{"self":[{"href":"http:\/\/www.periodistasporlaigualdad.org\/index.php?rest_route=\/wp\/v2\/pages\/1669"}],"collection":[{"href":"http:\/\/www.periodistasporlaigualdad.org\/index.php?rest_route=\/wp\/v2\/pages"}],"about":[{"href":"http:\/\/www.periodistasporlaigualdad.org\/index.php?rest_route=\/wp\/v2\/types\/page"}],"author":[{"embeddable":true,"href":"http:\/\/www.periodistasporlaigualdad.org\/index.php?rest_route=\/wp\/v2\/users\/1"}],"replies":[{"embeddable":true,"href":"http:\/\/www.periodistasporlaigualdad.org\/index.php?rest_route=%2Fwp%2Fv2%2Fcomments&post=1669"}],"version-history":[{"count":8,"href":"http:\/\/www.periodistasporlaigualdad.org\/index.php?rest_route=\/wp\/v2\/pages\/1669\/revisions"}],"predecessor-version":[{"id":1692,"href":"http:\/\/www.periodistasporlaigualdad.org\/index.php?rest_route=\/wp\/v2\/pages\/1669\/revisions\/1692"}],"wp:featuredmedia":[{"embeddable":true,"href":"http:\/\/www.periodistasporlaigualdad.org\/index.php?rest_route=\/wp\/v2\/media\/1086"}],"wp:attachment":[{"href":"http:\/\/www.periodistasporlaigualdad.org\/index.php?rest_route=%2Fwp%2Fv2%2Fmedia&parent=1669"}],"curies":[{"name":"wp","href":"https:\/\/api.w.org\/{rel}","templated":true}]}}

¡Asóciate!2

<div id="pl-1669"  class="panel-layout" ><div id="pg-1669-0"  class="panel-grid panel-no-style" ><div id="pgc-1669-0-0"  class="panel-grid-cell" ><div id="panel-1669-0-0-0" class="so-panel widget widget_spacer-widget panel-first-child" data-index="0" ><div class="so-widget-spacer-widget so-widget-spacer-widget-base">
<div class="clearfix" style="height:7px"></div></div></div><div id="panel-1669-0-0-1" class="so-panel widget widget_media_image panel-last-child" data-index="1" ><img width="287" height="205" src="http://www.periodistasporlaigualdad.org/wp-content/uploads/2018/04/PeriodistasPorLaIgualdad_simbolo.png" class="image wp-image-777  attachment-full size-full" alt="" decoding="async" loading="lazy" style="max-width: 100%; height: auto;" /></div></div><div id="pgc-1669-0-1"  class="panel-grid-cell" ><div id="panel-1669-0-1-0" class="so-panel widget widget_black-studio-tinymce widget_black_studio_tinymce panel-first-child panel-last-child" data-index="2" ><h3 class="widget-title">¿QUÉ?</h3><div class="textwidget"><p class="Standard">La Asociación de Periodistas por la Igualdad quiere acabar con todas las diferencias que separan a mujeres y hombres en el ejercicio de su profesión. Y pretende dignificar el periodismo a través de buenas prácticas en la construcción de la imagen de la mujer.</p>
</div></div></div></div><div id="pg-1669-1"  class="panel-grid panel-no-style" ><div id="pgc-1669-1-0"  class="panel-grid-cell" ><div id="panel-1669-1-0-0" class="so-panel widget widget_spacer-widget panel-first-child" data-index="3" ><div class="so-widget-spacer-widget so-widget-spacer-widget-base">
<div class="clearfix" style="height:7px"></div></div></div><div id="panel-1669-1-0-1" class="so-panel widget widget_media_image panel-last-child" data-index="4" ><img width="287" height="205" src="http://www.periodistasporlaigualdad.org/wp-content/uploads/2018/04/PeriodistasPorLaIgualdad_simbolo.png" class="image wp-image-777  attachment-full size-full" alt="" decoding="async" loading="lazy" style="max-width: 100%; height: auto;" /></div></div><div id="pgc-1669-1-1"  class="panel-grid-cell" ><div id="panel-1669-1-1-0" class="so-panel widget widget_black-studio-tinymce widget_black_studio_tinymce panel-first-child panel-last-child" data-index="5" ><h3 class="widget-title">¿QUIÉN?</h3><div class="textwidget"><p class="Standard">Todas las personas dedicadas a la comunicación pueden formar parte de esta asociación. La ciudadanía también está invitada; es receptora y acreedora de nuestro trabajo. Feminismo para un mejor periodismo.</p>
</div></div></div></div><div id="pg-1669-2"  class="panel-grid panel-no-style" ><div id="pgc-1669-2-0"  class="panel-grid-cell" ><div id="panel-1669-2-0-0" class="so-panel widget widget_spacer-widget panel-first-child" data-index="6" ><div class="so-widget-spacer-widget so-widget-spacer-widget-base">
<div class="clearfix" style="height:7px"></div></div></div><div id="panel-1669-2-0-1" class="so-panel widget widget_media_image panel-last-child" data-index="7" ><img width="287" height="205" src="http://www.periodistasporlaigualdad.org/wp-content/uploads/2018/04/PeriodistasPorLaIgualdad_simbolo.png" class="image wp-image-777  attachment-full size-full" alt="" decoding="async" loading="lazy" style="max-width: 100%; height: auto;" /></div></div><div id="pgc-1669-2-1"  class="panel-grid-cell" ><div id="panel-1669-2-1-0" class="so-panel widget widget_black-studio-tinymce widget_black_studio_tinymce panel-first-child panel-last-child" data-index="8" ><h3 class="widget-title">¿CÓMO?</h3><div class="textwidget"><p class="Standard">Visibilizando el trabajo de las periodistas, reivindicando los mismos sueldos, denunciando casos de discriminación, acoso y cosificación de la mujer en los medios, generando debate sobre la ausencia de mujeres en puestos de decisión, creando grupos de trabajo para investigar en periodismo feminista...</p>
</div></div></div></div><div id="pg-1669-3"  class="panel-grid panel-no-style" ><div id="pgc-1669-3-0"  class="panel-grid-cell" ><div id="panel-1669-3-0-0" class="so-panel widget widget_spacer-widget panel-first-child" data-index="9" ><div class="so-widget-spacer-widget so-widget-spacer-widget-base">
<div class="clearfix" style="height:7px"></div></div></div><div id="panel-1669-3-0-1" class="so-panel widget widget_media_image panel-last-child" data-index="10" ><img width="287" height="205" src="http://www.periodistasporlaigualdad.org/wp-content/uploads/2018/04/PeriodistasPorLaIgualdad_simbolo.png" class="image wp-image-777  attachment-full size-full" alt="" decoding="async" loading="lazy" style="max-width: 100%; height: auto;" /></div></div><div id="pgc-1669-3-1"  class="panel-grid-cell" ><div id="panel-1669-3-1-0" class="so-panel widget widget_black-studio-tinymce widget_black_studio_tinymce panel-first-child panel-last-child" data-index="11" ><h3 class="widget-title">¿CUÁNDO?</h3><div class="textwidget"><p class="Standard">El trabajo de esta asociación no puede parar. El debate ha de estar permanentemente en la calle. Cuando sea necesario y cuando lo exija la asamblea.</p>
</div></div></div></div><div id="pg-1669-4"  class="panel-grid panel-no-style" ><div id="pgc-1669-4-0"  class="panel-grid-cell" ><div id="panel-1669-4-0-0" class="so-panel widget widget_spacer-widget panel-first-child" data-index="12" ><div class="so-widget-spacer-widget so-widget-spacer-widget-base">
<div class="clearfix" style="height:7px"></div></div></div><div id="panel-1669-4-0-1" class="so-panel widget widget_media_image panel-last-child" data-index="13" ><img width="287" height="205" src="http://www.periodistasporlaigualdad.org/wp-content/uploads/2018/04/PeriodistasPorLaIgualdad_simbolo.png" class="image wp-image-777  attachment-full size-full" alt="" decoding="async" loading="lazy" style="max-width: 100%; height: auto;" /></div></div><div id="pgc-1669-4-1"  class="panel-grid-cell" ><div id="panel-1669-4-1-0" class="so-panel widget widget_black-studio-tinymce widget_black_studio_tinymce panel-first-child panel-last-child" data-index="14" ><h3 class="widget-title">¿DÓNDE?</h3><div class="textwidget"><p class="Standard">En los medios de comunicación, en centros de prensa, en las instituciones, en despachos de abogados, en el poder legislativo... En espacios públicos, en bibliotecas, librerías, centros culturales, bares...</p>
</div></div></div></div><div id="pg-1669-5"  class="panel-grid panel-no-style" ><div id="pgc-1669-5-0"  class="panel-grid-cell" ><div id="panel-1669-5-0-0" class="so-panel widget widget_spacer-widget panel-first-child" data-index="15" ><div class="so-widget-spacer-widget so-widget-spacer-widget-base">
<div class="clearfix" style="height:7px"></div></div></div><div id="panel-1669-5-0-1" class="so-panel widget widget_media_image panel-last-child" data-index="16" ><img width="287" height="205" src="http://www.periodistasporlaigualdad.org/wp-content/uploads/2018/04/PeriodistasPorLaIgualdad_simbolo.png" class="image wp-image-777  attachment-full size-full" alt="" decoding="async" loading="lazy" style="max-width: 100%; height: auto;" /></div></div><div id="pgc-1669-5-1"  class="panel-grid-cell" ><div id="panel-1669-5-1-0" class="so-panel widget widget_black-studio-tinymce widget_black_studio_tinymce panel-first-child panel-last-child" data-index="17" ><h3 class="widget-title">¿POR QUÉ?</h3><div class="textwidget"><p>No podemos perder el 50% del talento. La mitad de la población quiere disfrutar de sus plenos derechos y de un periodismo que, como valor social que es, ha de ser ejercido de forma democrática e igualitaria.</p>
</div></div></div></div></div>

<p>La Asociación de Periodistas por la Igualdad quiere acabar con todas las diferencias que separan a mujeres y hombres en el ejercicio de su profesión. Y pretende dignificar el periodismo a través de buenas prácticas en la construcción de la imagen de la mujer. Todas las personas dedicadas a la comunicación pueden formar parte de esta asociación. La ciudadanía también está invitada; es receptora y acreedora de nuestro trabajo. Feminismo para un mejor periodismo.</p>
