{"id":2353,"date":"2022-07-21T12:11:50","date_gmt":"2022-07-21T12:11:50","guid":{"rendered":"http:\/\/www.periodistasporlaigualdad.org\/?page_id=2353"},"modified":"2022-07-21T12:18:01","modified_gmt":"2022-07-21T12:18:01","slug":"aitana","status":"publish","type":"page","link":"http:\/\/www.periodistasporlaigualdad.org\/?page_id=2353","title":{"rendered":"Aitana Mu\u00f1oz Romeo"},"content":{"rendered":"<div id=\"pl-2353\"  class=\"panel-layout\" ><div id=\"pg-2353-0\"  class=\"panel-grid panel-no-style\" ><div id=\"pgc-2353-0-0\"  class=\"panel-grid-cell\" ><div id=\"panel-2353-0-0-0\" class=\"so-panel widget widget_black-studio-tinymce widget_black_studio_tinymce panel-first-child panel-last-child\" data-index=\"0\" ><div class=\"textwidget\"><h2>Aitana Mu\u00f1oz Romeo<\/h2>\n<p>Soy periodista audiovisual, presentadora y formadora. Desde peque\u00f1a supe que algo no iba bien cuando vi que me trataban con demasiada condescendencia y luego, de mayor, me daba de bruces con el \"techo de cristal\". Me puse las gafas moradas hace relativamente poco tiempo y, desde entonces, me enfado m\u00e1s y discuto con frecuencia. Me gusta comer bien, re\u00edrme mucho y hacer planes, aunque no siempre se lleven a cabo. Apasionada de la comunicaci\u00f3n en todas sus formas y de una profesi\u00f3n, el periodismo, cada vez m\u00e1s en peligro de extinci\u00f3n.<\/p>\n<\/div><\/div><\/div><div id=\"pgc-2353-0-1\"  class=\"panel-grid-cell\" ><div id=\"panel-2353-0-1-0\" class=\"so-panel widget widget_sow-image panel-first-child panel-last-child\" data-index=\"1\" ><div class=\"so-widget-sow-image so-widget-sow-image-default-bd5cd9da0588\">\n\n<div class=\"sow-image-container\">\n\t<img src=\"http:\/\/www.periodistasporlaigualdad.org\/wp-content\/uploads\/2022\/07\/Aitana-Mu\u00f1oz2.jpg\" width=\"960\" height=\"1368\" srcset=\"http:\/\/www.periodistasporlaigualdad.org\/wp-content\/uploads\/2022\/07\/Aitana-Mu\u00f1oz2.jpg 960w, http:\/\/www.periodistasporlaigualdad.org\/wp-content\/uploads\/2022\/07\/Aitana-Mu\u00f1oz2-211x300.jpg 211w, http:\/\/www.periodistasporlaigualdad.org\/wp-content\/uploads\/2022\/07\/Aitana-Mu\u00f1oz2-768x1094.jpg 768w, http:\/\/www.periodistasporlaigualdad.org\/wp-content\/uploads\/2022\/07\/Aitana-Mu\u00f1oz2-719x1024.jpg 719w, http:\/\/www.periodistasporlaigualdad.org\/wp-content\/uploads\/2022\/07\/Aitana-Mu\u00f1oz2-958x1365.jpg 958w, http:\/\/www.periodistasporlaigualdad.org\/wp-content\/uploads\/2022\/07\/Aitana-Mu\u00f1oz2-600x855.jpg 600w\" sizes=\"(max-width: 960px) 100vw, 960px\" title=\"Aitana Mu\u00f1oz\" \t\tclass=\"so-widget-image\"\/>\n<\/div>\n\n<\/div><\/div><\/div><\/div><\/div>","protected":false},"excerpt":{"rendered":"<p>Aitana Mu\u00f1oz Romeo Soy periodista audiovisual, presentadora y formadora. Desde peque\u00f1a supe que algo no iba bien cuando vi que me trataban con demasiada condescendencia y luego, de mayor, me daba de bruces con el &#8220;techo de cristal&#8221;. Me puse las gafas moradas hace relativamente poco tiempo y, desde entonces, me enfado m\u00e1s y discuto con frecuencia. Me gusta comer bien, re\u00edrme mucho y hacer planes, aunque no siempre se lleven a cabo. Apasionada de la comunicaci\u00f3n en todas sus formas y de una profesi\u00f3n, el periodismo, cada vez m\u00e1s en peligro de extinci\u00f3n.<\/p>\n","protected":false},"author":1,"featured_media":0,"parent":0,"menu_order":0,"comment_status":"closed","ping_status":"closed","template":"","meta":[],"_links":{"self":[{"href":"http:\/\/www.periodistasporlaigualdad.org\/index.php?rest_route=\/wp\/v2\/pages\/2353"}],"collection":[{"href":"http:\/\/www.periodistasporlaigualdad.org\/index.php?rest_route=\/wp\/v2\/pages"}],"about":[{"href":"http:\/\/www.periodistasporlaigualdad.org\/index.php?rest_route=\/wp\/v2\/types\/page"}],"author":[{"embeddable":true,"href":"http:\/\/www.periodistasporlaigualdad.org\/index.php?rest_route=\/wp\/v2\/users\/1"}],"replies":[{"embeddable":true,"href":"http:\/\/www.periodistasporlaigualdad.org\/index.php?rest_route=%2Fwp%2Fv2%2Fcomments&post=2353"}],"version-history":[{"count":7,"href":"http:\/\/www.periodistasporlaigualdad.org\/index.php?rest_route=\/wp\/v2\/pages\/2353\/revisions"}],"predecessor-version":[{"id":2613,"href":"http:\/\/www.periodistasporlaigualdad.org\/index.php?rest_route=\/wp\/v2\/pages\/2353\/revisions\/2613"}],"wp:attachment":[{"href":"http:\/\/www.periodistasporlaigualdad.org\/index.php?rest_route=%2Fwp%2Fv2%2Fmedia&parent=2353"}],"curies":[{"name":"wp","href":"https:\/\/api.w.org\/{rel}","templated":true}]}}

Aitana Muñoz Romeo

<div id="pl-2353"  class="panel-layout" ><div id="pg-2353-0"  class="panel-grid panel-no-style" ><div id="pgc-2353-0-0"  class="panel-grid-cell" ><div id="panel-2353-0-0-0" class="so-panel widget widget_black-studio-tinymce widget_black_studio_tinymce panel-first-child panel-last-child" data-index="0" ><div class="textwidget"><h2>Aitana Muñoz Romeo</h2>
<p>Soy periodista audiovisual, presentadora y formadora. Desde pequeña supe que algo no iba bien cuando vi que me trataban con demasiada condescendencia y luego, de mayor, me daba de bruces con el "techo de cristal". Me puse las gafas moradas hace relativamente poco tiempo y, desde entonces, me enfado más y discuto con frecuencia. Me gusta comer bien, reírme mucho y hacer planes, aunque no siempre se lleven a cabo. Apasionada de la comunicación en todas sus formas y de una profesión, el periodismo, cada vez más en peligro de extinción.</p>
</div></div></div><div id="pgc-2353-0-1"  class="panel-grid-cell" ><div id="panel-2353-0-1-0" class="so-panel widget widget_sow-image panel-first-child panel-last-child" data-index="1" ><div class="so-widget-sow-image so-widget-sow-image-default-bd5cd9da0588">

<div class="sow-image-container">
	<img src="http://www.periodistasporlaigualdad.org/wp-content/uploads/2022/07/Aitana-Muñoz2.jpg" width="960" height="1368" srcset="http://www.periodistasporlaigualdad.org/wp-content/uploads/2022/07/Aitana-Muñoz2.jpg 960w, http://www.periodistasporlaigualdad.org/wp-content/uploads/2022/07/Aitana-Muñoz2-211x300.jpg 211w, http://www.periodistasporlaigualdad.org/wp-content/uploads/2022/07/Aitana-Muñoz2-768x1094.jpg 768w, http://www.periodistasporlaigualdad.org/wp-content/uploads/2022/07/Aitana-Muñoz2-719x1024.jpg 719w, http://www.periodistasporlaigualdad.org/wp-content/uploads/2022/07/Aitana-Muñoz2-958x1365.jpg 958w, http://www.periodistasporlaigualdad.org/wp-content/uploads/2022/07/Aitana-Muñoz2-600x855.jpg 600w" sizes="(max-width: 960px) 100vw, 960px" title="Aitana Muñoz" 		class="so-widget-image"/>
</div>

</div></div></div></div></div>

<p>Aitana Muñoz Romeo Soy periodista audiovisual, presentadora y formadora. Desde pequeña supe que algo no iba bien cuando vi que me trataban con demasiada condescendencia y luego, de mayor, me daba de bruces con el &#8220;techo de cristal&#8221;. Me puse las gafas moradas hace relativamente poco tiempo y, desde entonces, me enfado más y discuto con frecuencia. Me gusta comer bien, reírme mucho y hacer planes, aunque no siempre se lleven a cabo. Apasionada de la comunicación en todas sus formas y de una profesión, el periodismo, cada vez más en peligro de extinción.</p>
