{"id":2367,"date":"2022-07-21T12:17:00","date_gmt":"2022-07-21T12:17:00","guid":{"rendered":"http:\/\/www.periodistasporlaigualdad.org\/?page_id=2367"},"modified":"2022-07-21T12:19:43","modified_gmt":"2022-07-21T12:19:43","slug":"esther-puisac-nogarol","status":"publish","type":"page","link":"http:\/\/www.periodistasporlaigualdad.org\/?page_id=2367","title":{"rendered":"Esther Puisac Nogarol"},"content":{"rendered":"<div id=\"pl-2367\"  class=\"panel-layout\" ><div id=\"pg-2367-0\"  class=\"panel-grid panel-no-style\" ><div id=\"pgc-2367-0-0\"  class=\"panel-grid-cell\" ><div id=\"panel-2367-0-0-0\" class=\"so-panel widget widget_black-studio-tinymce widget_black_studio_tinymce panel-first-child panel-last-child\" data-index=\"0\" ><div class=\"textwidget\"><h2>Esther Puisac Nogarol<\/h2>\n<p>Me gusta contar historias usando palabras, sonidos e im\u00e1genes. Creo que en el pasado est\u00e1 la respuesta a muchas preguntas del presente. Comprometida a luchar por la igualdad por mi hija, por las mujeres de mi familia, por m\u00ed y por todas mis compa\u00f1eras. Tambi\u00e9n por las que ya no pueden luchar. El periodismo es una gran herramienta para conseguir la Igualdad y transformar la sociedad. Dentro de la Asociaci\u00f3n, he participado en la organizaci\u00f3n de varias jornadas de formaci\u00f3n, en el club de cata y lectura y en la gesti\u00f3n de redes sociales, entre otras tareas. <\/p>\n<\/div><\/div><\/div><div id=\"pgc-2367-0-1\"  class=\"panel-grid-cell\" ><div id=\"panel-2367-0-1-0\" class=\"so-panel widget widget_sow-image panel-first-child panel-last-child\" data-index=\"1\" ><div class=\"so-widget-sow-image so-widget-sow-image-default-bd5cd9da0588\">\n\n<div class=\"sow-image-container\">\n<a href=\"http:\/\/www.periodistasporlaigualdad.org\/?page_id=2367\" >\t<img src=\"http:\/\/www.periodistasporlaigualdad.org\/wp-content\/uploads\/2022\/07\/Esther-Puisac2.jpg\" width=\"960\" height=\"1368\" srcset=\"http:\/\/www.periodistasporlaigualdad.org\/wp-content\/uploads\/2022\/07\/Esther-Puisac2.jpg 960w, http:\/\/www.periodistasporlaigualdad.org\/wp-content\/uploads\/2022\/07\/Esther-Puisac2-211x300.jpg 211w, http:\/\/www.periodistasporlaigualdad.org\/wp-content\/uploads\/2022\/07\/Esther-Puisac2-768x1094.jpg 768w, http:\/\/www.periodistasporlaigualdad.org\/wp-content\/uploads\/2022\/07\/Esther-Puisac2-719x1024.jpg 719w, http:\/\/www.periodistasporlaigualdad.org\/wp-content\/uploads\/2022\/07\/Esther-Puisac2-958x1365.jpg 958w, http:\/\/www.periodistasporlaigualdad.org\/wp-content\/uploads\/2022\/07\/Esther-Puisac2-600x855.jpg 600w\" sizes=\"(max-width: 960px) 100vw, 960px\" title=\"Esther Puisac\" \t\tclass=\"so-widget-image\"\/>\n<\/a><\/div>\n\n<\/div><\/div><\/div><\/div><\/div>","protected":false},"excerpt":{"rendered":"<p>Esther Puisac Nogarol Me gusta contar historias usando palabras, sonidos e im\u00e1genes. Creo que en el pasado est\u00e1 la respuesta a muchas preguntas del presente. Comprometida a luchar por la igualdad por mi hija, por las mujeres de mi familia, por m\u00ed y por todas mis compa\u00f1eras. Tambi\u00e9n por las que ya no pueden luchar. El periodismo es una gran herramienta para conseguir la Igualdad y transformar la sociedad. Dentro de la Asociaci\u00f3n, he participado en la organizaci\u00f3n de varias jornadas de formaci\u00f3n, en el club de cata y lectura y en la gesti\u00f3n de redes sociales, entre otras tareas.<\/p>\n","protected":false},"author":1,"featured_media":0,"parent":0,"menu_order":0,"comment_status":"closed","ping_status":"closed","template":"","meta":[],"_links":{"self":[{"href":"http:\/\/www.periodistasporlaigualdad.org\/index.php?rest_route=\/wp\/v2\/pages\/2367"}],"collection":[{"href":"http:\/\/www.periodistasporlaigualdad.org\/index.php?rest_route=\/wp\/v2\/pages"}],"about":[{"href":"http:\/\/www.periodistasporlaigualdad.org\/index.php?rest_route=\/wp\/v2\/types\/page"}],"author":[{"embeddable":true,"href":"http:\/\/www.periodistasporlaigualdad.org\/index.php?rest_route=\/wp\/v2\/users\/1"}],"replies":[{"embeddable":true,"href":"http:\/\/www.periodistasporlaigualdad.org\/index.php?rest_route=%2Fwp%2Fv2%2Fcomments&post=2367"}],"version-history":[{"count":6,"href":"http:\/\/www.periodistasporlaigualdad.org\/index.php?rest_route=\/wp\/v2\/pages\/2367\/revisions"}],"predecessor-version":[{"id":2379,"href":"http:\/\/www.periodistasporlaigualdad.org\/index.php?rest_route=\/wp\/v2\/pages\/2367\/revisions\/2379"}],"wp:attachment":[{"href":"http:\/\/www.periodistasporlaigualdad.org\/index.php?rest_route=%2Fwp%2Fv2%2Fmedia&parent=2367"}],"curies":[{"name":"wp","href":"https:\/\/api.w.org\/{rel}","templated":true}]}}

<div id="pl-2367"  class="panel-layout" ><div id="pg-2367-0"  class="panel-grid panel-no-style" ><div id="pgc-2367-0-0"  class="panel-grid-cell" ><div id="panel-2367-0-0-0" class="so-panel widget widget_black-studio-tinymce widget_black_studio_tinymce panel-first-child panel-last-child" data-index="0" ><div class="textwidget"><h2>Esther Puisac Nogarol</h2>
<p>Me gusta contar historias usando palabras, sonidos e imágenes. Creo que en el pasado está la respuesta a muchas preguntas del presente. Comprometida a luchar por la igualdad por mi hija, por las mujeres de mi familia, por mí y por todas mis compañeras. También por las que ya no pueden luchar. El periodismo es una gran herramienta para conseguir la Igualdad y transformar la sociedad. Dentro de la Asociación, he participado en la organización de varias jornadas de formación, en el club de cata y lectura y en la gestión de redes sociales, entre otras tareas. </p>
</div></div></div><div id="pgc-2367-0-1"  class="panel-grid-cell" ><div id="panel-2367-0-1-0" class="so-panel widget widget_sow-image panel-first-child panel-last-child" data-index="1" ><div class="so-widget-sow-image so-widget-sow-image-default-bd5cd9da0588">

<div class="sow-image-container">
<a href="http://www.periodistasporlaigualdad.org/?page_id=2367" >	<img src="http://www.periodistasporlaigualdad.org/wp-content/uploads/2022/07/Esther-Puisac2.jpg" width="960" height="1368" srcset="http://www.periodistasporlaigualdad.org/wp-content/uploads/2022/07/Esther-Puisac2.jpg 960w, http://www.periodistasporlaigualdad.org/wp-content/uploads/2022/07/Esther-Puisac2-211x300.jpg 211w, http://www.periodistasporlaigualdad.org/wp-content/uploads/2022/07/Esther-Puisac2-768x1094.jpg 768w, http://www.periodistasporlaigualdad.org/wp-content/uploads/2022/07/Esther-Puisac2-719x1024.jpg 719w, http://www.periodistasporlaigualdad.org/wp-content/uploads/2022/07/Esther-Puisac2-958x1365.jpg 958w, http://www.periodistasporlaigualdad.org/wp-content/uploads/2022/07/Esther-Puisac2-600x855.jpg 600w" sizes="(max-width: 960px) 100vw, 960px" title="Esther Puisac" 		class="so-widget-image"/>
</a></div>

</div></div></div></div></div>

<p>Esther Puisac Nogarol Me gusta contar historias usando palabras, sonidos e imágenes. Creo que en el pasado está la respuesta a muchas preguntas del presente. Comprometida a luchar por la igualdad por mi hija, por las mujeres de mi familia, por mí y por todas mis compañeras. También por las que ya no pueden luchar. El periodismo es una gran herramienta para conseguir la Igualdad y transformar la sociedad. Dentro de la Asociación, he participado en la organización de varias jornadas de formación, en el club de cata y lectura y en la gestión de redes sociales, entre otras tareas.</p>
