{"id":824,"date":"2018-04-05T23:31:57","date_gmt":"2018-04-05T23:31:57","guid":{"rendered":"http:\/\/www.periodistasporlaigualdad.org\/?page_id=824"},"modified":"2023-07-08T14:58:15","modified_gmt":"2023-07-08T14:58:15","slug":"asociacion","status":"publish","type":"page","link":"http:\/\/www.periodistasporlaigualdad.org\/?page_id=824","title":{"rendered":"Somos&#8230;"},"content":{"rendered":"<div id=\"pl-824\"  class=\"panel-layout\" ><div id=\"pg-824-0\"  class=\"panel-grid panel-no-style\" ><div id=\"pgc-824-0-0\"  class=\"panel-grid-cell\" ><div id=\"panel-824-0-0-0\" class=\"so-panel widget widget_sow-image panel-first-child\" data-index=\"0\" ><div class=\"so-widget-sow-image so-widget-sow-image-default-bd5cd9da0588\">\n\n<div class=\"sow-image-container\">\n<a href=\"http:\/\/www.periodistasporlaigualdad.org\/?page_id=907\" >\t<img src=\"http:\/\/www.periodistasporlaigualdad.org\/wp-content\/uploads\/2018\/04\/carmencarnet-web2.jpg\" width=\"376\" height=\"430\" srcset=\"http:\/\/www.periodistasporlaigualdad.org\/wp-content\/uploads\/2018\/04\/carmencarnet-web2.jpg 376w, http:\/\/www.periodistasporlaigualdad.org\/wp-content\/uploads\/2018\/04\/carmencarnet-web2-262x300.jpg 262w\" sizes=\"(max-width: 376px) 100vw, 376px\" title=\"Carmen Serrano\" \t\tclass=\"so-widget-image\"\/>\n<\/a><\/div>\n\n<\/div><\/div><div id=\"panel-824-0-0-1\" class=\"so-panel widget widget_sow-editor panel-last-child\" data-index=\"1\" ><div class=\"so-widget-sow-editor so-widget-sow-editor-base\">\n<div class=\"siteorigin-widget-tinymce textwidget\">\n\t<p style=\"text-align: center;\"><a href=\"http:\/\/www.periodistasporlaigualdad.org\/carmen-serrano\/\">Carmen Serrano<\/a><\/p>\n<\/div>\n<\/div><\/div><\/div><div id=\"pgc-824-0-1\"  class=\"panel-grid-cell\" ><div id=\"panel-824-0-1-0\" class=\"so-panel widget widget_sow-image panel-first-child\" data-index=\"2\" ><div class=\"so-widget-sow-image so-widget-sow-image-default-bd5cd9da0588\">\n\n<div class=\"sow-image-container\">\n<a href=\"http:\/\/www.periodistasporlaigualdad.org\/?page_id=916\" >\t<img src=\"http:\/\/www.periodistasporlaigualdad.org\/wp-content\/uploads\/2018\/04\/Silvia2.jpg\" width=\"376\" height=\"430\" srcset=\"http:\/\/www.periodistasporlaigualdad.org\/wp-content\/uploads\/2018\/04\/Silvia2.jpg 376w, http:\/\/www.periodistasporlaigualdad.org\/wp-content\/uploads\/2018\/04\/Silvia2-262x300.jpg 262w\" sizes=\"(max-width: 376px) 100vw, 376px\" \t\tclass=\"so-widget-image\"\/>\n<\/a><\/div>\n\n<\/div><\/div><div id=\"panel-824-0-1-1\" class=\"so-panel widget widget_sow-editor panel-last-child\" data-index=\"3\" ><div class=\"so-widget-sow-editor so-widget-sow-editor-base\">\n<div class=\"siteorigin-widget-tinymce textwidget\">\n\t<p style=\"text-align: center;\"><a href=\"http:\/\/www.periodistasporlaigualdad.org\/silvia-de-felix\/\">Silvia de F\u00e9lix<\/a><\/p>\n<\/div>\n<\/div><\/div><\/div><div id=\"pgc-824-0-2\"  class=\"panel-grid-cell\" ><div id=\"panel-824-0-2-0\" class=\"so-panel widget widget_sow-image panel-first-child\" data-index=\"4\" ><div class=\"so-widget-sow-image so-widget-sow-image-default-bd5cd9da0588\">\n\n<div class=\"sow-image-container\">\n<a href=\"http:\/\/www.periodistasporlaigualdad.org\/?page_id=923\" >\t<img src=\"http:\/\/www.periodistasporlaigualdad.org\/wp-content\/uploads\/2018\/04\/rocio.jpg\" width=\"376\" height=\"430\" srcset=\"http:\/\/www.periodistasporlaigualdad.org\/wp-content\/uploads\/2018\/04\/rocio.jpg 376w, http:\/\/www.periodistasporlaigualdad.org\/wp-content\/uploads\/2018\/04\/rocio-262x300.jpg 262w\" sizes=\"(max-width: 376px) 100vw, 376px\" \t\tclass=\"so-widget-image\"\/>\n<\/a><\/div>\n\n<\/div><\/div><div id=\"panel-824-0-2-1\" class=\"so-panel widget widget_sow-editor panel-last-child\" data-index=\"5\" ><div class=\"so-widget-sow-editor so-widget-sow-editor-base\">\n<div class=\"siteorigin-widget-tinymce textwidget\">\n\t<p style=\"text-align: center;\"><a href=\"http:\/\/www.periodistasporlaigualdad.org\/rocio-ibarra\/\">Roc\u00edo Ibarra<\/a><\/p>\n<\/div>\n<\/div><\/div><\/div><\/div><div id=\"pg-824-1\"  class=\"panel-grid panel-no-style\" ><div id=\"pgc-824-1-0\"  class=\"panel-grid-cell\" ><div id=\"panel-824-1-0-0\" class=\"so-panel widget widget_sow-image panel-first-child\" data-index=\"6\" ><div class=\"so-widget-sow-image so-widget-sow-image-default-bd5cd9da0588\">\n\n<div class=\"sow-image-container\">\n<a href=\"http:\/\/www.periodistasporlaigualdad.org\/?page_id=2353\" >\t<img src=\"http:\/\/www.periodistasporlaigualdad.org\/wp-content\/uploads\/2022\/07\/Aitana-Mu\u00f1oz2-211x300.jpg\" width=\"211\" height=\"300\" srcset=\"http:\/\/www.periodistasporlaigualdad.org\/wp-content\/uploads\/2022\/07\/Aitana-Mu\u00f1oz2-211x300.jpg 211w, http:\/\/www.periodistasporlaigualdad.org\/wp-content\/uploads\/2022\/07\/Aitana-Mu\u00f1oz2-768x1094.jpg 768w, http:\/\/www.periodistasporlaigualdad.org\/wp-content\/uploads\/2022\/07\/Aitana-Mu\u00f1oz2-719x1024.jpg 719w, http:\/\/www.periodistasporlaigualdad.org\/wp-content\/uploads\/2022\/07\/Aitana-Mu\u00f1oz2-958x1365.jpg 958w, http:\/\/www.periodistasporlaigualdad.org\/wp-content\/uploads\/2022\/07\/Aitana-Mu\u00f1oz2-600x855.jpg 600w, http:\/\/www.periodistasporlaigualdad.org\/wp-content\/uploads\/2022\/07\/Aitana-Mu\u00f1oz2.jpg 960w\" sizes=\"(max-width: 211px) 100vw, 211px\" title=\"Aitana Mu\u00f1oz\" \t\tclass=\"so-widget-image\"\/>\n<\/a><\/div>\n\n<\/div><\/div><div id=\"panel-824-1-0-1\" class=\"so-panel widget widget_sow-editor panel-last-child\" data-index=\"7\" ><div class=\"so-widget-sow-editor so-widget-sow-editor-base\">\n<div class=\"siteorigin-widget-tinymce textwidget\">\n\t<p style=\"text-align: center;\"><a href=\"http:\/\/www.periodistasporlaigualdad.org\/aitana\/\">Aitana Mu\u00f1oz<\/a><\/p>\n<\/div>\n<\/div><\/div><\/div><div id=\"pgc-824-1-1\"  class=\"panel-grid-cell\" ><div id=\"panel-824-1-1-0\" class=\"so-panel widget widget_sow-image panel-first-child\" data-index=\"8\" ><div class=\"so-widget-sow-image so-widget-sow-image-default-01c9636e8bae\">\n\n<div class=\"sow-image-container\">\n<a href=\"http:\/\/www.periodistasporlaigualdad.org\/?page_id=2358\" >\t<img src=\"http:\/\/www.periodistasporlaigualdad.org\/wp-content\/uploads\/2022\/07\/ELENA-BANDRES2.jpg\" width=\"960\" height=\"1368\" srcset=\"http:\/\/www.periodistasporlaigualdad.org\/wp-content\/uploads\/2022\/07\/ELENA-BANDRES2.jpg 960w, http:\/\/www.periodistasporlaigualdad.org\/wp-content\/uploads\/2022\/07\/ELENA-BANDRES2-211x300.jpg 211w, http:\/\/www.periodistasporlaigualdad.org\/wp-content\/uploads\/2022\/07\/ELENA-BANDRES2-768x1094.jpg 768w, http:\/\/www.periodistasporlaigualdad.org\/wp-content\/uploads\/2022\/07\/ELENA-BANDRES2-719x1024.jpg 719w, http:\/\/www.periodistasporlaigualdad.org\/wp-content\/uploads\/2022\/07\/ELENA-BANDRES2-958x1365.jpg 958w, http:\/\/www.periodistasporlaigualdad.org\/wp-content\/uploads\/2022\/07\/ELENA-BANDRES2-600x855.jpg 600w\" sizes=\"(max-width: 960px) 100vw, 960px\" title=\"ELENA BANDRES\" \t\tclass=\"so-widget-image\"\/>\n<\/a><\/div>\n\n<\/div><\/div><div id=\"panel-824-1-1-1\" class=\"so-panel widget widget_sow-editor panel-last-child\" data-index=\"9\" ><div class=\"so-widget-sow-editor so-widget-sow-editor-base\">\n<div class=\"siteorigin-widget-tinymce textwidget\">\n\t<p style=\"text-align: center;\"><a href=\"http:\/\/www.periodistasporlaigualdad.org\/elena-bandres\/\">Elena Bandr\u00e9s<\/a><\/p>\n<\/div>\n<\/div><\/div><\/div><div id=\"pgc-824-1-2\"  class=\"panel-grid-cell\" ><div id=\"panel-824-1-2-0\" class=\"so-panel widget widget_sow-image panel-first-child\" data-index=\"10\" ><div class=\"so-widget-sow-image so-widget-sow-image-default-bd5cd9da0588\">\n\n<div class=\"sow-image-container\">\n<a href=\"http:\/\/www.periodistasporlaigualdad.org\/?page_id=2367\" >\t<img src=\"http:\/\/www.periodistasporlaigualdad.org\/wp-content\/uploads\/2022\/07\/Esther-Puisac2.jpg\" width=\"960\" height=\"1368\" srcset=\"http:\/\/www.periodistasporlaigualdad.org\/wp-content\/uploads\/2022\/07\/Esther-Puisac2.jpg 960w, http:\/\/www.periodistasporlaigualdad.org\/wp-content\/uploads\/2022\/07\/Esther-Puisac2-211x300.jpg 211w, http:\/\/www.periodistasporlaigualdad.org\/wp-content\/uploads\/2022\/07\/Esther-Puisac2-768x1094.jpg 768w, http:\/\/www.periodistasporlaigualdad.org\/wp-content\/uploads\/2022\/07\/Esther-Puisac2-719x1024.jpg 719w, http:\/\/www.periodistasporlaigualdad.org\/wp-content\/uploads\/2022\/07\/Esther-Puisac2-958x1365.jpg 958w, http:\/\/www.periodistasporlaigualdad.org\/wp-content\/uploads\/2022\/07\/Esther-Puisac2-600x855.jpg 600w\" sizes=\"(max-width: 960px) 100vw, 960px\" title=\"Esther Puisac\" \t\tclass=\"so-widget-image\"\/>\n<\/a><\/div>\n\n<\/div><\/div><div id=\"panel-824-1-2-1\" class=\"so-panel widget widget_sow-editor panel-last-child\" data-index=\"11\" ><div class=\"so-widget-sow-editor so-widget-sow-editor-base\">\n<div class=\"siteorigin-widget-tinymce textwidget\">\n\t<p style=\"text-align: center;\"><a href=\"http:\/\/www.periodistasporlaigualdad.org\/esther-puisac-nogarol\/\">Esther Puisac<\/a><\/p>\n<\/div>\n<\/div><\/div><\/div><\/div><div id=\"pg-824-2\"  class=\"panel-grid panel-no-style\" ><div id=\"pgc-824-2-0\"  class=\"panel-grid-cell\" ><div id=\"panel-824-2-0-0\" class=\"so-panel widget widget_sow-image panel-first-child\" data-index=\"12\" ><div class=\"so-widget-sow-image so-widget-sow-image-default-bd5cd9da0588\">\n\n<div class=\"sow-image-container\">\n<a href=\"http:\/\/www.periodistasporlaigualdad.org\/?page_id=945\" >\t<img src=\"http:\/\/www.periodistasporlaigualdad.org\/wp-content\/uploads\/2018\/04\/maria-262x300.jpg\" width=\"262\" height=\"300\" srcset=\"http:\/\/www.periodistasporlaigualdad.org\/wp-content\/uploads\/2018\/04\/maria-262x300.jpg 262w, http:\/\/www.periodistasporlaigualdad.org\/wp-content\/uploads\/2018\/04\/maria.jpg 376w\" sizes=\"(max-width: 262px) 100vw, 262px\" \t\tclass=\"so-widget-image\"\/>\n<\/a><\/div>\n\n<\/div><\/div><div id=\"panel-824-2-0-1\" class=\"so-panel widget widget_sow-editor panel-last-child\" data-index=\"13\" ><div class=\"so-widget-sow-editor so-widget-sow-editor-base\">\n<div class=\"siteorigin-widget-tinymce textwidget\">\n\t<p style=\"text-align: center;\"><a href=\"http:\/\/www.periodistasporlaigualdad.org\/maria-bosque\/\">Maria Bosque<\/a><\/p>\n<\/div>\n<\/div><\/div><\/div><div id=\"pgc-824-2-1\"  class=\"panel-grid-cell\" ><div id=\"panel-824-2-1-0\" class=\"so-panel widget widget_sow-image panel-first-child\" data-index=\"14\" ><div class=\"so-widget-sow-image so-widget-sow-image-default-bd5cd9da0588\">\n\n<div class=\"sow-image-container\">\n<a href=\"http:\/\/www.periodistasporlaigualdad.org\/?page_id=928\" >\t<img src=\"http:\/\/www.periodistasporlaigualdad.org\/wp-content\/uploads\/2018\/04\/pedro.jpg\" width=\"376\" height=\"430\" srcset=\"http:\/\/www.periodistasporlaigualdad.org\/wp-content\/uploads\/2018\/04\/pedro.jpg 376w, http:\/\/www.periodistasporlaigualdad.org\/wp-content\/uploads\/2018\/04\/pedro-262x300.jpg 262w\" sizes=\"(max-width: 376px) 100vw, 376px\" \t\tclass=\"so-widget-image\"\/>\n<\/a><\/div>\n\n<\/div><\/div><div id=\"panel-824-2-1-1\" class=\"so-panel widget widget_sow-editor panel-last-child\" data-index=\"15\" ><div class=\"so-widget-sow-editor so-widget-sow-editor-base\">\n<div class=\"siteorigin-widget-tinymce textwidget\">\n\t<p style=\"text-align: center;\"><a href=\"http:\/\/www.periodistasporlaigualdad.org\/pedro-de-alzaga\/\">Pedro de Alzaga<\/a><\/p>\n<\/div>\n<\/div><\/div><\/div><div id=\"pgc-824-2-2\"  class=\"panel-grid-cell\" ><div id=\"panel-824-2-2-0\" class=\"so-panel widget widget_sow-image panel-first-child\" data-index=\"16\" ><div class=\"so-widget-sow-image so-widget-sow-image-default-bd5cd9da0588\">\n\n<div class=\"sow-image-container\">\n<a href=\"http:\/\/www.periodistasporlaigualdad.org\/?page_id=950\" >\t<img src=\"http:\/\/www.periodistasporlaigualdad.org\/wp-content\/uploads\/2018\/04\/Foto-Lola-Zambade2.jpg\" width=\"376\" height=\"430\" srcset=\"http:\/\/www.periodistasporlaigualdad.org\/wp-content\/uploads\/2018\/04\/Foto-Lola-Zambade2.jpg 376w, http:\/\/www.periodistasporlaigualdad.org\/wp-content\/uploads\/2018\/04\/Foto-Lola-Zambade2-262x300.jpg 262w\" sizes=\"(max-width: 376px) 100vw, 376px\" title=\"Foto Lola Zambade2\" \t\tclass=\"so-widget-image\"\/>\n<\/a><\/div>\n\n<\/div><\/div><div id=\"panel-824-2-2-1\" class=\"so-panel widget widget_sow-editor panel-last-child\" data-index=\"17\" ><div class=\"so-widget-sow-editor so-widget-sow-editor-base\">\n<div class=\"siteorigin-widget-tinymce textwidget\">\n\t<p style=\"text-align: center;\"><a href=\"http:\/\/www.periodistasporlaigualdad.org\/lola-zambade\/\">Lola Zambade<\/a><\/p>\n<\/div>\n<\/div><\/div><\/div><\/div><div id=\"pg-824-3\"  class=\"panel-grid panel-no-style\" ><div id=\"pgc-824-3-0\"  class=\"panel-grid-cell\" ><div id=\"panel-824-3-0-0\" class=\"so-panel widget widget_sow-image panel-first-child\" data-index=\"18\" ><div class=\"so-widget-sow-image so-widget-sow-image-default-bd5cd9da0588\">\n\n<div class=\"sow-image-container\">\n<a href=\"\" >\t<img src=\"http:\/\/www.periodistasporlaigualdad.org\/wp-content\/uploads\/2023\/07\/SANTIAGO-MARTIN-268x300.jpg\" width=\"268\" height=\"300\" srcset=\"http:\/\/www.periodistasporlaigualdad.org\/wp-content\/uploads\/2023\/07\/SANTIAGO-MARTIN-268x300.jpg 268w, http:\/\/www.periodistasporlaigualdad.org\/wp-content\/uploads\/2023\/07\/SANTIAGO-MARTIN-768x860.jpg 768w, http:\/\/www.periodistasporlaigualdad.org\/wp-content\/uploads\/2023\/07\/SANTIAGO-MARTIN-600x672.jpg 600w, http:\/\/www.periodistasporlaigualdad.org\/wp-content\/uploads\/2023\/07\/SANTIAGO-MARTIN.jpg 893w\" sizes=\"(max-width: 268px) 100vw, 268px\" \t\tclass=\"so-widget-image\"\/>\n<\/a><\/div>\n\n<\/div><\/div><div id=\"panel-824-3-0-1\" class=\"so-panel widget widget_sow-editor panel-last-child\" data-index=\"19\" ><div class=\"so-widget-sow-editor so-widget-sow-editor-base\">\n<div class=\"siteorigin-widget-tinymce textwidget\">\n\t<p style=\"text-align: center;\"><a href=\"http:\/\/www.periodistasporlaigualdad.org\/santiago-martin-minguez\/\">Santiago Mart\u00edn<\/a><\/p>\n<\/div>\n<\/div><\/div><\/div><div id=\"pgc-824-3-1\"  class=\"panel-grid-cell panel-grid-cell-empty panel-grid-cell-mobile-last\" ><\/div><div id=\"pgc-824-3-2\"  class=\"panel-grid-cell panel-grid-cell-empty\" ><\/div><\/div><\/div>","protected":false},"excerpt":{"rendered":"<p>Carmen Serrano Silvia de F\u00e9lix Roc\u00edo Ibarra Aitana Mu\u00f1oz Elena Bandr\u00e9s Esther Puisac<\/p>\n","protected":false},"author":1,"featured_media":0,"parent":0,"menu_order":0,"comment_status":"closed","ping_status":"closed","template":"","meta":[],"_links":{"self":[{"href":"http:\/\/www.periodistasporlaigualdad.org\/index.php?rest_route=\/wp\/v2\/pages\/824"}],"collection":[{"href":"http:\/\/www.periodistasporlaigualdad.org\/index.php?rest_route=\/wp\/v2\/pages"}],"about":[{"href":"http:\/\/www.periodistasporlaigualdad.org\/index.php?rest_route=\/wp\/v2\/types\/page"}],"author":[{"embeddable":true,"href":"http:\/\/www.periodistasporlaigualdad.org\/index.php?rest_route=\/wp\/v2\/users\/1"}],"replies":[{"embeddable":true,"href":"http:\/\/www.periodistasporlaigualdad.org\/index.php?rest_route=%2Fwp%2Fv2%2Fcomments&post=824"}],"version-history":[{"count":68,"href":"http:\/\/www.periodistasporlaigualdad.org\/index.php?rest_route=\/wp\/v2\/pages\/824\/revisions"}],"predecessor-version":[{"id":2628,"href":"http:\/\/www.periodistasporlaigualdad.org\/index.php?rest_route=\/wp\/v2\/pages\/824\/revisions\/2628"}],"wp:attachment":[{"href":"http:\/\/www.periodistasporlaigualdad.org\/index.php?rest_route=%2Fwp%2Fv2%2Fmedia&parent=824"}],"curies":[{"name":"wp","href":"https:\/\/api.w.org\/{rel}","templated":true}]}}