{"id":907,"date":"2018-04-06T14:39:42","date_gmt":"2018-04-06T14:39:42","guid":{"rendered":"http:\/\/www.periodistasporlaigualdad.org\/?page_id=907"},"modified":"2018-04-06T14:40:24","modified_gmt":"2018-04-06T14:40:24","slug":"carmen-serrano","status":"publish","type":"page","link":"http:\/\/www.periodistasporlaigualdad.org\/?page_id=907","title":{"rendered":"Carmen Serrano"},"content":{"rendered":"<div id=\"pl-907\"  class=\"panel-layout\" ><div id=\"pg-907-0\"  class=\"panel-grid panel-no-style\" ><div id=\"pgc-907-0-0\"  class=\"panel-grid-cell\" ><div id=\"panel-907-0-0-0\" class=\"so-panel widget widget_black-studio-tinymce widget_black_studio_tinymce panel-first-child panel-last-child\" data-index=\"0\" ><div class=\"textwidget\"><h2>Carmen Serrano<\/h2>\n<p class=\"Standard\">Periodista, directora de Comunicaciones Mil, redactora de Diario M\u00e9dico (Unidad Editorial) y de Tercer Milenio, el suplemento de ciencia y tecnolog\u00eda del peri\u00f3dico Heraldo de Arag\u00f3n. Organizo, en el \u00e1mbito de la divulgaci\u00f3n cient\u00edfica, las Jornadas de Divulgaci\u00f3n Innovadora D+i que se celebran anualmente en Zaragoza desde 2013.<\/p>\n<p class=\"Standard\">Soy miembro de la Asociaci\u00f3n Espa\u00f1ola de Comunicaci\u00f3n Cient\u00edfica y autora del libro 'Innovar o Morir' (Fundaci\u00f3n ZCC). Antes trabaj\u00e9 en la revista Jano de medicina, fui autora del peri\u00f3dico del Hospital Miguel Servet de Zaragoza y redactora de El Peri\u00f3dico de Arag\u00f3n (Grupo Z).<\/p>\n<p class=\"Standard\">Inici\u00e9 mi carrera profesional en la Agencia EFE, tras licenciarme en Periodismo en la Universidad Complutense. Hice despu\u00e9s el M\u00e1ster de Comunicaci\u00f3n Cient\u00edfica de la UNED e Historia del Arte en la Universidad de Zaragoza.<\/p>\n<\/div><\/div><\/div><div id=\"pgc-907-0-1\"  class=\"panel-grid-cell\" ><div id=\"panel-907-0-1-0\" class=\"so-panel widget widget_sow-image panel-first-child panel-last-child\" data-index=\"1\" ><div class=\"so-widget-sow-image so-widget-sow-image-default-bd5cd9da0588\">\n\n<div class=\"sow-image-container\">\n\t<img src=\"http:\/\/www.periodistasporlaigualdad.org\/wp-content\/uploads\/2018\/04\/carmencarnet-web2.jpg\" width=\"376\" height=\"430\" srcset=\"http:\/\/www.periodistasporlaigualdad.org\/wp-content\/uploads\/2018\/04\/carmencarnet-web2.jpg 376w, http:\/\/www.periodistasporlaigualdad.org\/wp-content\/uploads\/2018\/04\/carmencarnet-web2-262x300.jpg 262w\" sizes=\"(max-width: 376px) 100vw, 376px\" title=\"carmencarnet web2\" \t\tclass=\"so-widget-image\"\/>\n<\/div>\n\n<\/div><\/div><\/div><\/div><\/div>","protected":false},"excerpt":{"rendered":"<p>Carmen Serrano Periodista, directora de Comunicaciones Mil, redactora de Diario M\u00e9dico (Unidad Editorial) y de Tercer Milenio, el suplemento de ciencia y tecnolog\u00eda del peri\u00f3dico Heraldo de Arag\u00f3n. Organizo, en el \u00e1mbito de la divulgaci\u00f3n cient\u00edfica, las Jornadas de Divulgaci\u00f3n Innovadora D+i que se celebran anualmente en Zaragoza desde 2013. Soy miembro de la Asociaci\u00f3n Espa\u00f1ola de Comunicaci\u00f3n Cient\u00edfica y autora del libro &#8216;Innovar o Morir&#8217; (Fundaci\u00f3n ZCC). Antes trabaj\u00e9 en la revista Jano de medicina, fui autora del peri\u00f3dico del Hospital Miguel Servet de Zaragoza y redactora de El Peri\u00f3dico de Arag\u00f3n (Grupo Z). Inici\u00e9 mi carrera profesional en la Agencia EFE, tras licenciarme en Periodismo en la Universidad Complutense. Hice despu\u00e9s el M\u00e1ster de Comunicaci\u00f3n Cient\u00edfica de la UNED e Historia del Arte en la Universidad de Zaragoza.<\/p>\n","protected":false},"author":1,"featured_media":0,"parent":0,"menu_order":0,"comment_status":"closed","ping_status":"closed","template":"","meta":[],"_links":{"self":[{"href":"http:\/\/www.periodistasporlaigualdad.org\/index.php?rest_route=\/wp\/v2\/pages\/907"}],"collection":[{"href":"http:\/\/www.periodistasporlaigualdad.org\/index.php?rest_route=\/wp\/v2\/pages"}],"about":[{"href":"http:\/\/www.periodistasporlaigualdad.org\/index.php?rest_route=\/wp\/v2\/types\/page"}],"author":[{"embeddable":true,"href":"http:\/\/www.periodistasporlaigualdad.org\/index.php?rest_route=\/wp\/v2\/users\/1"}],"replies":[{"embeddable":true,"href":"http:\/\/www.periodistasporlaigualdad.org\/index.php?rest_route=%2Fwp%2Fv2%2Fcomments&post=907"}],"version-history":[{"count":7,"href":"http:\/\/www.periodistasporlaigualdad.org\/index.php?rest_route=\/wp\/v2\/pages\/907\/revisions"}],"predecessor-version":[{"id":2626,"href":"http:\/\/www.periodistasporlaigualdad.org\/index.php?rest_route=\/wp\/v2\/pages\/907\/revisions\/2626"}],"wp:attachment":[{"href":"http:\/\/www.periodistasporlaigualdad.org\/index.php?rest_route=%2Fwp%2Fv2%2Fmedia&parent=907"}],"curies":[{"name":"wp","href":"https:\/\/api.w.org\/{rel}","templated":true}]}}

<div id="pl-907"  class="panel-layout" ><div id="pg-907-0"  class="panel-grid panel-no-style" ><div id="pgc-907-0-0"  class="panel-grid-cell" ><div id="panel-907-0-0-0" class="so-panel widget widget_black-studio-tinymce widget_black_studio_tinymce panel-first-child panel-last-child" data-index="0" ><div class="textwidget"><h2>Carmen Serrano</h2>
<p class="Standard">Periodista, directora de Comunicaciones Mil, redactora de Diario Médico (Unidad Editorial) y de Tercer Milenio, el suplemento de ciencia y tecnología del periódico Heraldo de Aragón. Organizo, en el ámbito de la divulgación científica, las Jornadas de Divulgación Innovadora D+i que se celebran anualmente en Zaragoza desde 2013.</p>
<p class="Standard">Soy miembro de la Asociación Española de Comunicación Científica y autora del libro 'Innovar o Morir' (Fundación ZCC). Antes trabajé en la revista Jano de medicina, fui autora del periódico del Hospital Miguel Servet de Zaragoza y redactora de El Periódico de Aragón (Grupo Z).</p>
<p class="Standard">Inicié mi carrera profesional en la Agencia EFE, tras licenciarme en Periodismo en la Universidad Complutense. Hice después el Máster de Comunicación Científica de la UNED e Historia del Arte en la Universidad de Zaragoza.</p>
</div></div></div><div id="pgc-907-0-1"  class="panel-grid-cell" ><div id="panel-907-0-1-0" class="so-panel widget widget_sow-image panel-first-child panel-last-child" data-index="1" ><div class="so-widget-sow-image so-widget-sow-image-default-bd5cd9da0588">

<div class="sow-image-container">
	<img src="http://www.periodistasporlaigualdad.org/wp-content/uploads/2018/04/carmencarnet-web2.jpg" width="376" height="430" srcset="http://www.periodistasporlaigualdad.org/wp-content/uploads/2018/04/carmencarnet-web2.jpg 376w, http://www.periodistasporlaigualdad.org/wp-content/uploads/2018/04/carmencarnet-web2-262x300.jpg 262w" sizes="(max-width: 376px) 100vw, 376px" title="carmencarnet web2" 		class="so-widget-image"/>
</div>

</div></div></div></div></div>

<p>Carmen Serrano Periodista, directora de Comunicaciones Mil, redactora de Diario Médico (Unidad Editorial) y de Tercer Milenio, el suplemento de ciencia y tecnología del periódico Heraldo de Aragón. Organizo, en el ámbito de la divulgación científica, las Jornadas de Divulgación Innovadora D+i que se celebran anualmente en Zaragoza desde 2013. Soy miembro de la Asociación Española de Comunicación Científica y autora del libro &#8216;Innovar o Morir&#8217; (Fundación ZCC). Antes trabajé en la revista Jano de medicina, fui autora del periódico del Hospital Miguel Servet de Zaragoza y redactora de El Periódico de Aragón (Grupo Z). Inicié mi carrera profesional en la Agencia EFE, tras licenciarme en Periodismo en la Universidad Complutense. Hice después el Máster de Comunicación Científica de la UNED e Historia del Arte en la Universidad de Zaragoza.</p>
