{"id":923,"date":"2018-04-06T15:11:51","date_gmt":"2018-04-06T15:11:51","guid":{"rendered":"http:\/\/www.periodistasporlaigualdad.org\/?page_id=923"},"modified":"2024-05-19T11:06:03","modified_gmt":"2024-05-19T11:06:03","slug":"rocio-ibarra","status":"publish","type":"page","link":"https:\/\/www.periodistasporlaigualdad.org\/?page_id=923","title":{"rendered":"Roc\u00edo Ibarra"},"content":{"rendered":"<div id=\"pl-923\"  class=\"panel-layout\" ><div id=\"pg-923-0\"  class=\"panel-grid panel-no-style\" ><div id=\"pgc-923-0-0\"  class=\"panel-grid-cell\" ><div id=\"panel-923-0-0-0\" class=\"so-panel widget widget_black-studio-tinymce widget_black_studio_tinymce panel-first-child panel-last-child\" data-index=\"0\" ><div class=\"textwidget\"><h2>Roc\u00edo Ibarra<\/h2>\n<p class=\"Textbody\">Soy creativa audiovisual y comunicadora, titulada superior en Direcci\u00f3n y Gesti\u00f3n de Comunicaci\u00f3n, Marketing y Publicidad y en Investigaci\u00f3n Social de la Comunicaci\u00f3n Cient\u00edfica.<\/p>\n<p class=\"Textbody\">Trabajo como responsable de Comunicaci\u00f3n del Instituto Universitario de Investigaci\u00f3n en Empleo, Sociedad Digital y Sostenibilidad <a href=\"https:\/\/iedis.unizar.es\/\">(IEDIS)<\/a> de la Universidad de Zaragoza en donde tambi\u00e9n soy profesora en el Grado de Periodismo y Doctora en Informaci\u00f3n y Comunicaci\u00f3n.<\/p>\n<p class=\"Textbody\">He trabajado de realizadora de televisi\u00f3n en Arag\u00f3n TV y he realizado v\u00eddeos corporativos para instituciones cient\u00edficas y reportajes para diferentes clientes por cuenta propia.<\/p>\n<p class=\"Textbody\">Adem\u00e1s, soy responsable de comunicaci\u00f3n de la iniciativa <a href=\"http:\/\/11defebrero.org\/\">11defebrero.org<\/a>, que lucha por romper la brecha de g\u00e9nero en el \u00e1mbito cient\u00edfico. Como parte de la coordinaci\u00f3n de dicha iniciativa, dise\u00f1o talleres de experiencias cient\u00edficas para ni\u00f1as y ni\u00f1os. En los \u00faltimos a\u00f1os he organizado y presentado mesas redondas para tratar la importancia de la divulgaci\u00f3n de la ciencia y el papel de la mujer en los medios de comunicaci\u00f3n.<\/p>\n<p>&nbsp;<\/p>\n<p>&nbsp;<\/p>\n<\/div><\/div><\/div><div id=\"pgc-923-0-1\"  class=\"panel-grid-cell\" ><div id=\"panel-923-0-1-0\" class=\"so-panel widget widget_sow-image panel-first-child panel-last-child\" data-index=\"1\" ><div class=\"so-widget-sow-image so-widget-sow-image-default-bd5cd9da0588\">\n\n<div class=\"sow-image-container\">\n\t<img src=\"https:\/\/www.periodistasporlaigualdad.org\/wp-content\/uploads\/2018\/04\/rocio.jpg\" width=\"376\" height=\"430\" srcset=\"https:\/\/www.periodistasporlaigualdad.org\/wp-content\/uploads\/2018\/04\/rocio.jpg 376w, https:\/\/www.periodistasporlaigualdad.org\/wp-content\/uploads\/2018\/04\/rocio-262x300.jpg 262w\" sizes=\"(max-width: 376px) 100vw, 376px\" \t\tclass=\"so-widget-image\"\/>\n<\/div>\n\n<\/div><\/div><\/div><\/div><\/div>","protected":false},"excerpt":{"rendered":"<p>Roc\u00edo Ibarra Soy creativa audiovisual y comunicadora, titulada superior en Direcci\u00f3n y Gesti\u00f3n de Comunicaci\u00f3n, Marketing y Publicidad y en Investigaci\u00f3n Social de la Comunicaci\u00f3n Cient\u00edfica. Trabajo como responsable de Comunicaci\u00f3n del Instituto Universitario de Investigaci\u00f3n en Empleo, Sociedad Digital y Sostenibilidad (IEDIS) de la Universidad de Zaragoza en donde tambi\u00e9n soy profesora en el Grado de Periodismo y Doctora en Informaci\u00f3n y Comunicaci\u00f3n. He trabajado de realizadora de televisi\u00f3n en Arag\u00f3n TV y he realizado v\u00eddeos corporativos para instituciones cient\u00edficas y reportajes para diferentes clientes por cuenta propia. Adem\u00e1s, soy responsable de comunicaci\u00f3n de la iniciativa 11defebrero.org, que lucha por romper la brecha de g\u00e9nero en el \u00e1mbito cient\u00edfico. Como parte de la coordinaci\u00f3n de dicha iniciativa, dise\u00f1o talleres de experiencias cient\u00edficas para ni\u00f1as y ni\u00f1os. En los \u00faltimos a\u00f1os he organizado y presentado mesas redondas para tratar la importancia de la divulgaci\u00f3n de la ciencia y el papel de la mujer en los medios de comunicaci\u00f3n. &nbsp; &nbsp;<\/p>\n","protected":false},"author":1,"featured_media":0,"parent":0,"menu_order":0,"comment_status":"closed","ping_status":"closed","template":"","meta":[],"_links":{"self":[{"href":"https:\/\/www.periodistasporlaigualdad.org\/index.php?rest_route=\/wp\/v2\/pages\/923"}],"collection":[{"href":"https:\/\/www.periodistasporlaigualdad.org\/index.php?rest_route=\/wp\/v2\/pages"}],"about":[{"href":"https:\/\/www.periodistasporlaigualdad.org\/index.php?rest_route=\/wp\/v2\/types\/page"}],"author":[{"embeddable":true,"href":"https:\/\/www.periodistasporlaigualdad.org\/index.php?rest_route=\/wp\/v2\/users\/1"}],"replies":[{"embeddable":true,"href":"https:\/\/www.periodistasporlaigualdad.org\/index.php?rest_route=%2Fwp%2Fv2%2Fcomments&post=923"}],"version-history":[{"count":8,"href":"https:\/\/www.periodistasporlaigualdad.org\/index.php?rest_route=\/wp\/v2\/pages\/923\/revisions"}],"predecessor-version":[{"id":2747,"href":"https:\/\/www.periodistasporlaigualdad.org\/index.php?rest_route=\/wp\/v2\/pages\/923\/revisions\/2747"}],"wp:attachment":[{"href":"https:\/\/www.periodistasporlaigualdad.org\/index.php?rest_route=%2Fwp%2Fv2%2Fmedia&parent=923"}],"curies":[{"name":"wp","href":"https:\/\/api.w.org\/{rel}","templated":true}]}}